{"id":1273,"date":"2024-11-11T13:15:45","date_gmt":"2024-11-11T16:15:45","guid":{"rendered":"https:\/\/josueleal.com\/pigov3\/?page_id=1273"},"modified":"2024-11-11T16:03:54","modified_gmt":"2024-11-11T19:03:54","slug":"simbolos-do-governo","status":"publish","type":"page","link":"https:\/\/josueleal.com\/pigov3\/simbolos-do-governo\/","title":{"rendered":"S\u00edmbolos do Governo"},"content":{"rendered":"\t\t<div data-elementor-type=\"wp-page\" data-elementor-id=\"1273\" class=\"elementor elementor-1273\" data-elementor-settings=\"{&quot;element_pack_global_tooltip_width&quot;:{&quot;unit&quot;:&quot;px&quot;,&quot;size&quot;:&quot;&quot;,&quot;sizes&quot;:[]},&quot;element_pack_global_tooltip_width_tablet&quot;:{&quot;unit&quot;:&quot;px&quot;,&quot;size&quot;:&quot;&quot;,&quot;sizes&quot;:[]},&quot;element_pack_global_tooltip_width_mobile&quot;:{&quot;unit&quot;:&quot;px&quot;,&quot;size&quot;:&quot;&quot;,&quot;sizes&quot;:[]},&quot;element_pack_global_tooltip_padding&quot;:{&quot;unit&quot;:&quot;px&quot;,&quot;top&quot;:&quot;&quot;,&quot;right&quot;:&quot;&quot;,&quot;bottom&quot;:&quot;&quot;,&quot;left&quot;:&quot;&quot;,&quot;isLinked&quot;:true},&quot;element_pack_global_tooltip_padding_tablet&quot;:{&quot;unit&quot;:&quot;px&quot;,&quot;top&quot;:&quot;&quot;,&quot;right&quot;:&quot;&quot;,&quot;bottom&quot;:&quot;&quot;,&quot;left&quot;:&quot;&quot;,&quot;isLinked&quot;:true},&quot;element_pack_global_tooltip_padding_mobile&quot;:{&quot;unit&quot;:&quot;px&quot;,&quot;top&quot;:&quot;&quot;,&quot;right&quot;:&quot;&quot;,&quot;bottom&quot;:&quot;&quot;,&quot;left&quot;:&quot;&quot;,&quot;isLinked&quot;:true},&quot;element_pack_global_tooltip_border_radius&quot;:{&quot;unit&quot;:&quot;px&quot;,&quot;top&quot;:&quot;&quot;,&quot;right&quot;:&quot;&quot;,&quot;bottom&quot;:&quot;&quot;,&quot;left&quot;:&quot;&quot;,&quot;isLinked&quot;:true},&quot;element_pack_global_tooltip_border_radius_tablet&quot;:{&quot;unit&quot;:&quot;px&quot;,&quot;top&quot;:&quot;&quot;,&quot;right&quot;:&quot;&quot;,&quot;bottom&quot;:&quot;&quot;,&quot;left&quot;:&quot;&quot;,&quot;isLinked&quot;:true},&quot;element_pack_global_tooltip_border_radius_mobile&quot;:{&quot;unit&quot;:&quot;px&quot;,&quot;top&quot;:&quot;&quot;,&quot;right&quot;:&quot;&quot;,&quot;bottom&quot;:&quot;&quot;,&quot;left&quot;:&quot;&quot;,&quot;isLinked&quot;:true}}\" data-elementor-post-type=\"page\">\n\t\t\t\t<div class=\"elementor-element elementor-element-bde9660 e-flex e-con-boxed e-con e-parent\" data-id=\"bde9660\" data-element_type=\"container\" data-e-type=\"container\" data-settings=\"{&quot;background_background&quot;:&quot;classic&quot;}\">\n\t\t\t\t\t<div class=\"e-con-inner\">\n\t\t<div class=\"elementor-element elementor-element-46f0d59 e-con-full e-flex e-con e-child\" data-id=\"46f0d59\" data-element_type=\"container\" data-e-type=\"container\">\n\t\t\t\t<div class=\"elementor-element elementor-element-fb86260 elementor-widget elementor-widget-heading\" data-id=\"fb86260\" data-element_type=\"widget\" data-e-type=\"widget\" data-widget_type=\"heading.default\">\n\t\t\t\t<div class=\"elementor-widget-container\">\n\t\t\t\t\t<h2 class=\"elementor-heading-title elementor-size-default\"><a href=\"https:\/\/josueleal.com\/pigov3\">Home<\/a><\/h2>\t\t\t\t<\/div>\n\t\t\t\t<\/div>\n\t\t\t\t<div class=\"elementor-element elementor-element-fe2de08 elementor-view-default elementor-widget elementor-widget-icon\" data-id=\"fe2de08\" data-element_type=\"widget\" data-e-type=\"widget\" data-widget_type=\"icon.default\">\n\t\t\t\t<div class=\"elementor-widget-container\">\n\t\t\t\t\t\t\t<div class=\"elementor-icon-wrapper\">\n\t\t\t<div class=\"elementor-icon\">\n\t\t\t<svg xmlns=\"http:\/\/www.w3.org\/2000\/svg\" width=\"16\" height=\"16\" viewBox=\"0 0 16 16\" fill=\"none\"><path d=\"M5.72656 11.0533L8.7799 8L5.72656 4.94L6.66656 4L10.6666 8L6.66656 12L5.72656 11.0533Z\" fill=\"white\"><\/path><\/svg>\t\t\t<\/div>\n\t\t<\/div>\n\t\t\t\t\t\t<\/div>\n\t\t\t\t<\/div>\n\t\t\t\t<div class=\"elementor-element elementor-element-485f869 elementor-widget elementor-widget-heading\" data-id=\"485f869\" data-element_type=\"widget\" data-e-type=\"widget\" data-widget_type=\"heading.default\">\n\t\t\t\t<div class=\"elementor-widget-container\">\n\t\t\t\t\t<h2 class=\"elementor-heading-title elementor-size-default\">Simbolos do Governo<\/h2>\t\t\t\t<\/div>\n\t\t\t\t<\/div>\n\t\t\t\t<\/div>\n\t\t\t\t\t<\/div>\n\t\t\t\t<\/div>\n\t\t<div class=\"elementor-element elementor-element-49d4e93 e-flex e-con-boxed e-con e-parent\" data-id=\"49d4e93\" data-element_type=\"container\" data-e-type=\"container\">\n\t\t\t\t\t<div class=\"e-con-inner\">\n\t\t<div class=\"elementor-element elementor-element-e77a056 e-con-full e-flex e-con e-child\" data-id=\"e77a056\" data-element_type=\"container\" data-e-type=\"container\">\n\t\t<div class=\"elementor-element elementor-element-71463d3 e-con-full e-flex e-con e-child\" data-id=\"71463d3\" data-element_type=\"container\" data-e-type=\"container\">\n\t\t<div class=\"elementor-element elementor-element-8d34b83 e-con-full e-flex e-con e-child\" data-id=\"8d34b83\" data-element_type=\"container\" data-e-type=\"container\">\n\t\t\t\t<div class=\"elementor-element elementor-element-6fad981 elementor-widget elementor-widget-heading\" data-id=\"6fad981\" data-element_type=\"widget\" data-e-type=\"widget\" data-widget_type=\"heading.default\">\n\t\t\t\t<div class=\"elementor-widget-container\">\n\t\t\t\t\t<h2 class=\"elementor-heading-title elementor-size-default\">Bras\u00e3o<\/h2>\t\t\t\t<\/div>\n\t\t\t\t<\/div>\n\t\t\t\t<div class=\"elementor-element elementor-element-0012eb5 elementor-widget elementor-widget-image\" data-id=\"0012eb5\" data-element_type=\"widget\" data-e-type=\"widget\" data-widget_type=\"image.default\">\n\t\t\t\t<div class=\"elementor-widget-container\">\n\t\t\t\t\t\t\t\t\t\t\t\t\t\t\t\t<a href=\"https:\/\/josueleal.com\/pigov3\/wp-content\/uploads\/2024\/11\/brasao-piaui.webp\" data-elementor-open-lightbox=\"yes\" data-elementor-lightbox-title=\"brasao-piaui\" data-e-action-hash=\"#elementor-action%3Aaction%3Dlightbox%26settings%3DeyJpZCI6MTMyOSwidXJsIjoiaHR0cHM6XC9cL2pvc3VlbGVhbC5jb21cL3BpZ292M1wvd3AtY29udGVudFwvdXBsb2Fkc1wvMjAyNFwvMTFcL2JyYXNhby1waWF1aS53ZWJwIn0%3D\">\n\t\t\t\t\t\t\t<img fetchpriority=\"high\" decoding=\"async\" width=\"286\" height=\"300\" src=\"https:\/\/josueleal.com\/pigov3\/wp-content\/uploads\/2024\/11\/brasao-piaui-286x300.webp\" class=\"attachment-medium size-medium wp-image-1329\" alt=\"\" srcset=\"https:\/\/josueleal.com\/pigov3\/wp-content\/uploads\/2024\/11\/brasao-piaui-286x300.webp 286w, https:\/\/josueleal.com\/pigov3\/wp-content\/uploads\/2024\/11\/brasao-piaui-978x1024.webp 978w, https:\/\/josueleal.com\/pigov3\/wp-content\/uploads\/2024\/11\/brasao-piaui-768x804.webp 768w, https:\/\/josueleal.com\/pigov3\/wp-content\/uploads\/2024\/11\/brasao-piaui.webp 1184w\" sizes=\"(max-width: 286px) 100vw, 286px\" \/>\t\t\t\t\t\t\t\t<\/a>\n\t\t\t\t\t\t\t\t\t\t\t\t\t\t\t<\/div>\n\t\t\t\t<\/div>\n\t\t\t\t<\/div>\n\t\t<div class=\"elementor-element elementor-element-3b194b5 e-con-full e-flex e-con e-child\" data-id=\"3b194b5\" data-element_type=\"container\" data-e-type=\"container\">\n\t\t\t\t<div class=\"elementor-element elementor-element-ea089d6 elementor-widget elementor-widget-heading\" data-id=\"ea089d6\" data-element_type=\"widget\" data-e-type=\"widget\" data-widget_type=\"heading.default\">\n\t\t\t\t<div class=\"elementor-widget-container\">\n\t\t\t\t\t<h2 class=\"elementor-heading-title elementor-size-default\">Bandeira do Piau\u00ed<\/h2>\t\t\t\t<\/div>\n\t\t\t\t<\/div>\n\t\t\t\t<div class=\"elementor-element elementor-element-92bf528 elementor-widget elementor-widget-image\" data-id=\"92bf528\" data-element_type=\"widget\" data-e-type=\"widget\" data-widget_type=\"image.default\">\n\t\t\t\t<div class=\"elementor-widget-container\">\n\t\t\t\t\t\t\t\t\t\t\t\t\t\t\t\t<a href=\"https:\/\/josueleal.com\/pigov3\/wp-content\/uploads\/2024\/11\/bandeira-piaui.webp\" data-elementor-open-lightbox=\"yes\" data-elementor-lightbox-title=\"bandeira-piaui\" data-e-action-hash=\"#elementor-action%3Aaction%3Dlightbox%26settings%3DeyJpZCI6MTMzMCwidXJsIjoiaHR0cHM6XC9cL2pvc3VlbGVhbC5jb21cL3BpZ292M1wvd3AtY29udGVudFwvdXBsb2Fkc1wvMjAyNFwvMTFcL2JhbmRlaXJhLXBpYXVpLndlYnAifQ%3D%3D\">\n\t\t\t\t\t\t\t<img decoding=\"async\" width=\"300\" height=\"200\" src=\"https:\/\/josueleal.com\/pigov3\/wp-content\/uploads\/2024\/11\/bandeira-piaui-300x200.webp\" class=\"attachment-medium size-medium wp-image-1330\" alt=\"\" srcset=\"https:\/\/josueleal.com\/pigov3\/wp-content\/uploads\/2024\/11\/bandeira-piaui-300x200.webp 300w, https:\/\/josueleal.com\/pigov3\/wp-content\/uploads\/2024\/11\/bandeira-piaui-1024x684.webp 1024w, https:\/\/josueleal.com\/pigov3\/wp-content\/uploads\/2024\/11\/bandeira-piaui-768x513.webp 768w, https:\/\/josueleal.com\/pigov3\/wp-content\/uploads\/2024\/11\/bandeira-piaui.webp 1380w\" sizes=\"(max-width: 300px) 100vw, 300px\" \/>\t\t\t\t\t\t\t\t<\/a>\n\t\t\t\t\t\t\t\t\t\t\t\t\t\t\t<\/div>\n\t\t\t\t<\/div>\n\t\t\t\t<\/div>\n\t\t\t\t<\/div>\n\t\t<div class=\"elementor-element elementor-element-7b5b11b e-con-full e-flex e-con e-child\" data-id=\"7b5b11b\" data-element_type=\"container\" data-e-type=\"container\">\n\t\t\t\t<div class=\"elementor-element elementor-element-62d86b9 elementor-widget elementor-widget-heading\" data-id=\"62d86b9\" data-element_type=\"widget\" data-e-type=\"widget\" data-widget_type=\"heading.default\">\n\t\t\t\t<div class=\"elementor-widget-container\">\n\t\t\t\t\t<h2 class=\"elementor-heading-title elementor-size-default\">Hino do Piau\u00ed<\/h2>\t\t\t\t<\/div>\n\t\t\t\t<\/div>\n\t\t\t\t<div class=\"elementor-element elementor-element-080b679 elementor-widget elementor-widget-heading\" data-id=\"080b679\" data-element_type=\"widget\" data-e-type=\"widget\" data-widget_type=\"heading.default\">\n\t\t\t\t<div class=\"elementor-widget-container\">\n\t\t\t\t\t<h2 class=\"elementor-heading-title elementor-size-default\">(Letra: Antonio Francisco Da Costa e Silva\/ M\u00fasica: Firmina Sobreira Cardoso)<\/h2>\t\t\t\t<\/div>\n\t\t\t\t<\/div>\n\t\t\t\t<div class=\"elementor-element elementor-element-022dd41 elementor-widget elementor-widget-text-editor\" data-id=\"022dd41\" data-element_type=\"widget\" data-e-type=\"widget\" data-widget_type=\"text-editor.default\">\n\t\t\t\t<div class=\"elementor-widget-container\">\n\t\t\t\t\t\t\t\t\t<p>Salve! terra que aos c\u00e9us arrebatas<\/p><p>Nossas almas nos dons que possuis:<\/p><p>A esperan\u00e7a nos verdes das matas,<\/p><p>A saudade nas serras azuis.<\/p>\t\t\t\t\t\t\t\t<\/div>\n\t\t\t\t<\/div>\n\t\t\t\t<div class=\"elementor-element elementor-element-0f93948 elementor-widget elementor-widget-text-editor\" data-id=\"0f93948\" data-element_type=\"widget\" data-e-type=\"widget\" data-widget_type=\"text-editor.default\">\n\t\t\t\t<div class=\"elementor-widget-container\">\n\t\t\t\t\t\t\t\t\t<p>Piau\u00ed, terra querida,<\/p><p>Filha do sol do equador,<\/p><p>Pertencem-te a nossa vida,<\/p><p>Nosso sonho, nosso amor!<\/p><p>As \u00e1guas do Parna\u00edba,<\/p>\t\t\t\t\t\t\t\t<\/div>\n\t\t\t\t<\/div>\n\t\t\t\t<div class=\"elementor-element elementor-element-99826d4 elementor-widget elementor-widget-text-editor\" data-id=\"99826d4\" data-element_type=\"widget\" data-e-type=\"widget\" data-widget_type=\"text-editor.default\">\n\t\t\t\t<div class=\"elementor-widget-container\">\n\t\t\t\t\t\t\t\t\t<p class=\"MuiTypography-root MuiTypography-body1 gov-1nxwng8\">Rio abaixo, rio arriba,<\/p><p class=\"MuiTypography-root MuiTypography-body1 gov-1nxwng8\">Espalhem pelo sert\u00e3o<\/p>\t\t\t\t\t\t\t\t<\/div>\n\t\t\t\t<\/div>\n\t\t\t\t<div class=\"elementor-element elementor-element-ab2c9cc elementor-widget elementor-widget-text-editor\" data-id=\"ab2c9cc\" data-element_type=\"widget\" data-e-type=\"widget\" data-widget_type=\"text-editor.default\">\n\t\t\t\t<div class=\"elementor-widget-container\">\n\t\t\t\t\t\t\t\t\t<p class=\"MuiTypography-root MuiTypography-body1 gov-1nxwng8\">E levem pelas quebradas,<\/p><p class=\"MuiTypography-root MuiTypography-body1 gov-1nxwng8\">Pelas v\u00e1rzeas e chapadas,<\/p><p class=\"MuiTypography-root MuiTypography-body1 gov-1nxwng8\">Teu canto de exalta\u00e7\u00e3o!<\/p>\t\t\t\t\t\t\t\t<\/div>\n\t\t\t\t<\/div>\n\t\t\t\t<div class=\"elementor-element elementor-element-e9c7f1e elementor-widget elementor-widget-text-editor\" data-id=\"e9c7f1e\" data-element_type=\"widget\" data-e-type=\"widget\" data-widget_type=\"text-editor.default\">\n\t\t\t\t<div class=\"elementor-widget-container\">\n\t\t\t\t\t\t\t\t\t<p>Desbravando-te os campos distantes<\/p><p>Na miss\u00e3o do trabalho e da paz,<\/p><p>A aventura de dois bandeirantes<\/p><p>A semente da P\u00e1tria nos traz.<\/p>\t\t\t\t\t\t\t\t<\/div>\n\t\t\t\t<\/div>\n\t\t\t\t<div class=\"elementor-element elementor-element-b18aa5b elementor-widget elementor-widget-text-editor\" data-id=\"b18aa5b\" data-element_type=\"widget\" data-e-type=\"widget\" data-widget_type=\"text-editor.default\">\n\t\t\t\t<div class=\"elementor-widget-container\">\n\t\t\t\t\t\t\t\t\t<p>Sob o c\u00e9u de imortal claridade, Nosso sangue vertemos por ti,<\/p><p>Vendo a P\u00e1tria pedir liberdade,<\/p>\t\t\t\t\t\t\t\t<\/div>\n\t\t\t\t<\/div>\n\t\t\t\t<div class=\"elementor-element elementor-element-8902a7d elementor-widget elementor-widget-text-editor\" data-id=\"8902a7d\" data-element_type=\"widget\" data-e-type=\"widget\" data-widget_type=\"text-editor.default\">\n\t\t\t\t<div class=\"elementor-widget-container\">\n\t\t\t\t\t\t\t\t\t<p>O primeiro que luta \u00e9 o Piau\u00ed.<\/p>\t\t\t\t\t\t\t\t<\/div>\n\t\t\t\t<\/div>\n\t\t\t\t<div class=\"elementor-element elementor-element-4f2672e elementor-widget elementor-widget-text-editor\" data-id=\"4f2672e\" data-element_type=\"widget\" data-e-type=\"widget\" data-widget_type=\"text-editor.default\">\n\t\t\t\t<div class=\"elementor-widget-container\">\n\t\t\t\t\t\t\t\t\t<p class=\"MuiTypography-root MuiTypography-body1 gov-1nxwng8\">Possas tu, no trabalho fecundo<\/p><p class=\"MuiTypography-root MuiTypography-body1 gov-1nxwng8\">E com f\u00e9, fazer sempre melhor,<\/p><p class=\"MuiTypography-root MuiTypography-body1 gov-1nxwng8\">Para que, no concerto do mundo,<\/p><p class=\"MuiTypography-root MuiTypography-body1 gov-1nxwng8\">O Brasil seja ainda maior.<\/p>\t\t\t\t\t\t\t\t<\/div>\n\t\t\t\t<\/div>\n\t\t\t\t<div class=\"elementor-element elementor-element-8e38b4c elementor-widget elementor-widget-text-editor\" data-id=\"8e38b4c\" data-element_type=\"widget\" data-e-type=\"widget\" data-widget_type=\"text-editor.default\">\n\t\t\t\t<div class=\"elementor-widget-container\">\n\t\t\t\t\t\t\t\t\t<p class=\"MuiTypography-root MuiTypography-body1 gov-1nxwng8\">Possas Tu, conservando a pureza<\/p><p class=\"MuiTypography-root MuiTypography-body1 gov-1nxwng8\">Do teu povo leal, progredir,<\/p><p class=\"MuiTypography-root MuiTypography-body1 gov-1nxwng8\">Envolvendo na mesma grandeza O passado, o presente e o porvir.<\/p>\t\t\t\t\t\t\t\t<\/div>\n\t\t\t\t<\/div>\n\t\t\t\t<\/div>\n\t\t<div class=\"elementor-element elementor-element-1ebfdd9 e-con-full e-flex e-con e-child\" data-id=\"1ebfdd9\" data-element_type=\"container\" data-e-type=\"container\">\n\t\t\t\t<div class=\"elementor-element elementor-element-5eabd87 elementor-widget elementor-widget-heading\" data-id=\"5eabd87\" data-element_type=\"widget\" data-e-type=\"widget\" data-widget_type=\"heading.default\">\n\t\t\t\t<div class=\"elementor-widget-container\">\n\t\t\t\t\t<h2 class=\"elementor-heading-title elementor-size-default\">Hino do Piau\u00ed<\/h2>\t\t\t\t<\/div>\n\t\t\t\t<\/div>\n\t\t\t\t<div class=\"elementor-element elementor-element-48517a3 elementor-widget elementor-widget-heading\" data-id=\"48517a3\" data-element_type=\"widget\" data-e-type=\"widget\" data-widget_type=\"heading.default\">\n\t\t\t\t<div class=\"elementor-widget-container\">\n\t\t\t\t\t<h2 class=\"elementor-heading-title elementor-size-default\"><a href=\"https:\/\/www.youtube.com\/@governodopi\">Dispon\u00edvel em Governo do Estado do Piau\u00ed - YouTube<\/a><\/h2>\t\t\t\t<\/div>\n\t\t\t\t<\/div>\n\t\t\t\t<div class=\"elementor-element elementor-element-176f863 elementor-widget elementor-widget-video\" data-id=\"176f863\" data-element_type=\"widget\" data-e-type=\"widget\" data-settings=\"{&quot;youtube_url&quot;:&quot;https:\\\/\\\/www.youtube.com\\\/watch?v=7aPG4O4Q9gw&quot;,&quot;video_type&quot;:&quot;youtube&quot;,&quot;controls&quot;:&quot;yes&quot;}\" data-widget_type=\"video.default\">\n\t\t\t\t<div class=\"elementor-widget-container\">\n\t\t\t\t\t\t\t<div class=\"elementor-wrapper elementor-open-inline\">\n\t\t\t<div class=\"elementor-video\"><\/div>\t\t<\/div>\n\t\t\t\t\t\t<\/div>\n\t\t\t\t<\/div>\n\t\t\t\t<\/div>\n\t\t\t\t<\/div>\n\t\t\t\t\t<\/div>\n\t\t\t\t<\/div>\n\t\t\t\t<\/div>\n\t\t","protected":false},"excerpt":{"rendered":"<p>Home Simbolos do Governo Bras\u00e3o Bandeira do Piau\u00ed Hino do Piau\u00ed (Letra: Antonio Francisco Da Costa e Silva\/ M\u00fasica: Firmina Sobreira Cardoso) Salve! terra que aos c\u00e9us arrebatas Nossas almas nos dons que possuis: A esperan\u00e7a nos verdes das matas, A saudade nas serras azuis. Piau\u00ed, terra querida, Filha do sol do equador, Pertencem-te a [&hellip;]<\/p>\n","protected":false},"author":1,"featured_media":0,"parent":0,"menu_order":0,"comment_status":"closed","ping_status":"closed","template":"elementor_header_footer","meta":{"_acf_changed":false,"footnotes":""},"class_list":["post-1273","page","type-page","status-publish","hentry"],"pp_statuses_selecting_workflow":false,"pp_workflow_action":"current","pp_status_selection":"publish","acf":[],"_links":{"self":[{"href":"https:\/\/josueleal.com\/pigov3\/wp-json\/wp\/v2\/pages\/1273","targetHints":{"allow":["GET"]}}],"collection":[{"href":"https:\/\/josueleal.com\/pigov3\/wp-json\/wp\/v2\/pages"}],"about":[{"href":"https:\/\/josueleal.com\/pigov3\/wp-json\/wp\/v2\/types\/page"}],"author":[{"embeddable":true,"href":"https:\/\/josueleal.com\/pigov3\/wp-json\/wp\/v2\/users\/1"}],"replies":[{"embeddable":true,"href":"https:\/\/josueleal.com\/pigov3\/wp-json\/wp\/v2\/comments?post=1273"}],"version-history":[{"count":75,"href":"https:\/\/josueleal.com\/pigov3\/wp-json\/wp\/v2\/pages\/1273\/revisions"}],"predecessor-version":[{"id":1385,"href":"https:\/\/josueleal.com\/pigov3\/wp-json\/wp\/v2\/pages\/1273\/revisions\/1385"}],"wp:attachment":[{"href":"https:\/\/josueleal.com\/pigov3\/wp-json\/wp\/v2\/media?parent=1273"}],"curies":[{"name":"wp","href":"https:\/\/api.w.org\/{rel}","templated":true}]}}